er when 320 is divided by 114?
92
Calculate the remainder when 105 is divided by 18.
15
Calculate the remainder when 408 is divided by 80.
8
Calculate the remainder when 114 is divided by 11.
4
What is the remainder when 305 is divided by 42?
11
What is the remainder when 1799 is divided by 22?
17
What is the remainder when 106 is divided by 12?
10
Calculate the remainder when 273 is divided by 69.
66
Calculate the remainder when 187 is divided by 3.
1
What is the remainder when 1299 is divided by 93?
90
Calculate the remainder when 1263 is divided by 11.
9
What is the remainder when 77 is divided by 13?
12
Calculate the remainder when 122 is divided by 31.
29
What is the remainder when 400 is divided by 47?
24
Calculate the remainder when 1626 is divided by 150.
126
What is the remainder when 28799 is divided by 30?
29
What is the remainder when 154 is divided by 54?
46
Calculate the remainder when 54 is divided by 17.
3
What is the remainder when 149 is divided by 10?
9
Calculate the remainder when 1972 is divided by 74.
48
Calculate the remainder when 284 is divided by 18.
14
What is the remainder when 94 is divided by 26?
16
What is the remainder when 811 is divided by 68?
63
What is the remainder when 159 is divided by 34?
23
What is the remainder when 96 is divided by 15?
6
What is the remainder when 144 is divided by 44?
12
Calculate the remainder when 229 is divided by 61.
46
Calculate the remainder when 139 is divided by 92.
47
What is the remainder when 2815 is divided by 20?
15
Calculate the remainder when 61 is divided by 10.
1
Calculate the remainder when 143 is divided by 55.
33
Calculate the remainder when 320 is divided by 25.
20
What is the remainder when 3289 is divided by 22?
11
What is the remainder when 314 is divided by 93?
35
Calculate the remainder when 18 is divided by 11.
7
What is the remainder when 941 is divided by 67?
3
What is the remainder when 119 is divided by 20?
19
Calculate the remainder when 133 is divided by 6.
1
What is the remainder when 1011 is divided by 176?
131
What is the remainder when 1397 is divided by 20?
17
Calculate the remainder when 198 is divided by 1.
0
Calculate the remainder when 2480 is divided by 191.
188
Calculate the remainder when 1099 is divided by 185.
174
Calculate the remainder when 3371 is divided by 4.
3
What is the remainder when 88 is divided by 23?
19
Calculate the remainder when 389 is divided by 21.
11
What is the remainder when 660 is divided by 126?
30
What is the remainder when 380 is divided by 129?
122
What is the remainder when 118 is divided by 33?
19
Calculate the remainder when 1113 is divided by 368.
9
Calculate the remainder when 3527 is divided by 24.
23
Calculate the remainder when 1251 is divided by 28.
19
What is the remainder when 714 is divided by 143?
142
What is the remainder when 58 is divided by 15?
13
What is the remainder when 10032 is divided by 79?
78
What is the remainder when 167 is divided by 25?
17
Calculate the remainder when 222 is divided by 60.
42
Calculate the remainder when 1112 is divided by 191.
157
What is the remainder when 1580 is divided by 66?
62
What is the remainder when 2390 is divided by 108?
14
What is the remainder when 100 is divided by 33?
1
What is the remainder when 2364 is divided by 26?
24
Calculate the remainder when 858 is divided by 9.
3
Calculate the remainder when 3576 is divided by 49.
48
What is the remainder when 9583 is divided by 14?
7
What is the remainder when 383 is divided by 8?
7
What is the remainder when 1603 is divided by 23?
16
Calculate the remainder when 4974 is divided by 20.
14
What is the remainder when 161 is divided by 41?
38
Calculate the remainder when 2227 is divided by 186.
181
What is the remainder when 351 is divided by 229?
122
What is the remainder when 168 is divided by 27?
6
Calculate the remainder when 27 is divided by 8.
3
What is the remainder when 2023 is divided by 46?
45
What is the remainder when 597 is divided by 174?
75
Calculate the remainder when 951 is divided by 106.
103
Calculate the remainder when 2121 is divided by 37.
12
Calculate the remainder when 195 is divided by 20.
15
Calculate the remainder when 286 is divided by 84.
34
What is the remainder when 507 is divided by 221?
65
Calculate the remainder when 3291 is divided by 122.
119
Calculate the remainder when 215 is divided by 68.
11
What is the remainder when 459 is divided by 115?
114
What is the remainder when 226 is divided by 12?
10
Calculate the remainder when 494 is divided by 481.
13
Calculate the remainder when 741 is divided by 200.
141
Calculate the remainder when 14414 is divided by 93.
92
What is the remainder when 182 is divided by 50?
32
Calculate the remainder when 42 is divided by 30.
12
What is the remainder when 182 is divided by 68?
46
What is the remainder when 2447 is divided by 1223?
1
What is the remainder when 669 is divided by 73?
12
What is the remainder when 180 is divided by 28?
12
What is the remainder when 672 is divided by 85?
77
What is the remainder when 98 is divided by 28?
14
What is the remainder when 390 is divided by 12?
6
What is the remainder when 1805 is divided by 67?
63
What is the remainder when 5345 is divided by 1335?
5
What is the remainder when 618 is divided by 20?
18
What is the remainder when 63 is divided by 21?
0
What is the remainder when 14158 is divided by 17?
14
What is the remainder when 5879 is divided by 37?
33
What is the remainder when 986 is divided by 66?
62
What is the remainder when 493 is divided by 16?
13
What is the remainder when 62 is divided by 6?
2
Calculate the remainder when 428 is divided by 13.
12
Calculate the remainder when 246 is divided by 42.
36
What is the remainder when 115 is divided by 26?
11
Calculate the remainder when 39 is divided by 16.
7
What is the remainder when 230 is divided by 11?
10
Calculate the remainder when 5776 is divided by 1443.
4
Calculate the remainder when 6030 is divided by 29.
27
Calculate the remainder when 96 is divided by 37.
22
Calculate the remainder when 50 is divided by 4.
2
Calculate the remainder when 152 is divided by 22.
20
What is the remainder when 1904 is divided by 42?
14
What is the remainder when 300 is divided by 90?
30
Calculate the remainder when 44 is divided by 10.
4
Calculate the remainder when 1132 is divided by 21.
19
Calculate the remainder when 204 is divided by 114.
90
Calculate the remainder when 67 is divided by 7.
4
Calculate the remainder when 35978 is divided by 70.
68
Calculate the remainder when 107 is divided by 12.
11
What is the remainder when 807 is divided by 75?
57
What is the remainder when 61 is divided by 8?
5
Calculate the remainder when 81 is divided by 30.
21
What is the remainder when 873 is divided by 51?
6
What is the remainder when 246 is divided by 4?
2
What is the remainder when 482 is divided by 160?
2
Calculate the remainder when 278 is divided by 15.
8
Calculate the remainder when 70 is divided by 12.
10
Calculate the remainder when 5175 is divided by 27.
18
Calculate the remainder when 1186 is divided by 233.
21
Calculate the remainder when 20 is divided by 9.
2
What is the remainder when 1072 is divided by 76?
8
What is the remainder when 288 is divided by 17?
16
Calculate the remainder when 2108 is divided by 516.
44
Calculate the remainder when 191 is divided by 23.
7
Calculate the remainder when 939 is divided by 134.
1
What is the remainder when 1014 is divided by 238?
62
What is the remainder when 774 is divided by 164?
118
Calculate the remainder when 495 is divided by 62.
61
Calculate the remainder when 254 is divided by 5.
4
Calculate the remainder when 2084 is divided by 72.
68
What is the remainder when 4528 is divided by 103?
99
Calculate the remainder when 289 is divided by 7.
2
What is the remainder when 1209 is divided by 86?
5
What is the remainder when 66 is divided by 30?
6
What is the remainder when 317 is divided by 40?
37
What is the remainder when 1051 is divided by 13?
11
Calculate the remainder when 166 is divided by 12.
10
Calculate the remainder when 376 is divided by 9.
7
What is the remainder when 66 is divided by 4?
2
Calculate the remainder when 3014 is divided by 12.
2
Calculate the remainder when 636 is divided